s of 1905801.
3, 635267
What are the prime factors of 178305?
3, 5, 11887
List the prime factors of 15377283.
3, 63281
List the prime factors of 5289697.
7, 41, 2633
What are the prime factors of 39555017?
19, 2081843
List the prime factors of 170946.
2, 3, 9497
List the prime factors of 142882.
2, 199, 359
What are the prime factors of 1144053?
3, 317, 401
List the prime factors of 104805.
3, 5, 17, 137
List the prime factors of 14487836.
2, 11, 329269
What are the prime factors of 692825?
5, 7, 37, 107
What are the prime factors of 271850?
2, 5, 5437
List the prime factors of 2032715.
5, 19, 21397
What are the prime factors of 959060?
2, 5, 79, 607
List the prime factors of 27015.
3, 5, 1801
List the prime factors of 326253.
3, 108751
What are the prime factors of 5925814?
2, 2962907
List the prime factors of 17367600.
2, 3, 5, 41, 353
List the prime factors of 118694.
2, 17, 3491
What are the prime factors of 262141?
11, 23831
List the prime factors of 36480149.
31, 1176779
List the prime factors of 489272.
2, 7, 8737
What are the prime factors of 16437377?
11, 571, 2617
What are the prime factors of 3071718?
2, 3, 13, 13127
List the prime factors of 1047538.
2, 29, 18061
List the prime factors of 3599907.
3, 1199969
List the prime factors of 25640314.
2, 7, 1831451
List the prime factors of 1501377.
3, 500459
List the prime factors of 6806080.
2, 5, 21269
List the prime factors of 144221.
7, 11, 1873
What are the prime factors of 24042321?
3, 2671369
What are the prime factors of 2398422?
2, 3, 13, 97, 317
List the prime factors of 20097882.
2, 3, 7, 37, 479
What are the prime factors of 7433998?
2, 11, 13, 17, 139
List the prime factors of 1247247.
3, 139, 997
List the prime factors of 16407910.
2, 5, 29, 1951
What are the prime factors of 28880577?
3, 11, 97241
List the prime factors of 3705486.
2, 3, 701, 881
List the prime factors of 495346.
2, 17, 857
What are the prime factors of 22088763?
3, 17, 23, 6277
List the prime factors of 11131938.
2, 3, 211, 977
List the prime factors of 8279034.
2, 3, 17, 23, 3529
What are the prime factors of 736725?
3, 5, 11, 19, 47
List the prime factors of 16120068.
2, 3, 257, 5227
List the prime factors of 4315497.
3, 227, 6337
List the prime factors of 890933.
890933
What are the prime factors of 17939901?
3, 7, 43, 19867
What are the prime factors of 8012553?
3, 73, 36587
What are the prime factors of 8575657?
8575657
List the prime factors of 5437813.
5437813
List the prime factors of 287102.
2, 143551
What are the prime factors of 27212496?
2, 3, 23, 157
What are the prime factors of 203036?
2, 193, 263
List the prime factors of 20363312.
2, 167, 7621
List the prime factors of 123780.
2, 3, 5, 2063
List the prime factors of 785172.
2, 3, 59, 1109
What are the prime factors of 3181295?
5, 13, 17, 2879
List the prime factors of 5885531.
5885531
What are the prime factors of 139841?
13, 31, 347
What are the prime factors of 310364?
2, 77591
List the prime factors of 1577585.
5, 315517
List the prime factors of 537262.
2, 11, 24421
What are the prime factors of 3955258?
2, 251, 7879
List the prime factors of 827222.
2, 11, 19, 1979
List the prime factors of 105885.
3, 5, 13, 181
What are the prime factors of 4242782?
2, 1129, 1879
List the prime factors of 3221478.
2, 3, 13, 353
List the prime factors of 11702723.
11702723
What are the prime factors of 257555?
5, 51511
List the prime factors of 493796.
2, 123449
What are the prime factors of 270213?
3, 90071
List the prime factors of 2578058.
2, 7, 107, 1721
What are the prime factors of 88673?
13, 19, 359
List the prime factors of 2810636.
2, 61, 11519
List the prime factors of 16836.
2, 3, 23, 61
List the prime factors of 12055991.
151, 79841
List the prime factors of 428092.
2, 7, 15289
What are the prime factors of 1070685?
3, 5, 7, 11, 103
List the prime factors of 2060151.
3, 19, 47, 769
What are the prime factors of 101739?
3, 11, 3083
What are the prime factors of 1655392?
2, 17, 179
List the prime factors of 222513.
3, 17, 4363
What are the prime factors of 16678452?
2, 3, 7, 198553
List the prime factors of 1620941.
7, 231563
List the prime factors of 1563312.
2, 3, 32569
List the prime factors of 13242.
2, 3, 2207
List the prime factors of 915953.
673, 1361
List the prime factors of 3291404.
2, 17, 97, 499
List the prime factors of 249182.
2, 23, 5417
What are the prime factors of 30893752?
2, 3861719
What are the prime factors of 78707?
78707
What are the prime factors of 144181?
31, 4651
What are the prime factors of 500786?
2, 11, 13, 17, 103
List the prime factors of 550724.
2, 131, 1051
What are the prime factors of 5637607?
181, 31147
What are the prime factors of 1107228?
2, 3, 92269
List the prime factors of 160326.
2, 3, 2969
What are the prime factors of 231030?
2, 3, 5, 17, 151
List the prime factors of 1251084.
2, 3, 137, 761
List the prime factors of 34144951.
34144951
List the prime factors of 8082309.
3, 2694103
What are the prime factors of 3359288?
2, 23, 18257
List the prime factors of 286231.
11, 26021
List the prime factors of 18926904.
2, 3, 788621
List the prime factors of 188982.
2, 3, 10499
What are the prime factors of 17845?
5, 43, 83
List the prime factors of 397639.
11, 37, 977
List the prime factors of 474577.
677, 701
What are the prime factors of 208453?
7, 97, 307
What are the prime factors of 664808?
2, 83101
What are the prime factors of 69663?
3, 11, 2111
List the prime factors of 5440638.
2, 3, 7, 129539
What are the prime factors of 8320?
2, 5, 13
List the prime factors of 15180614.
2, 971, 7817
List the prime factors of 18374148.
2, 3, 13, 23, 569
List the prime factors of 271676.
2, 23, 2953
List the prime factors of 261659.
233, 1123
List the prime factors of 247629.
3, 197, 419
What are the prime factors of 2940292?
2, 735073
What are the prime factors of 23235421?
11, 109, 19379
What are the prime factors of 2027659?
2027659
List the prime factors of 140994.
2, 3, 7, 373
List the prime factors of 247055.
5, 49411
List the prime factors of 2457347.
2457347
What are the prime factors of 2466782?
2, 739, 1669
What are the prime factors of 828341?
283, 2927
What are the prime factors of 78946?
2, 7, 5639
List the prime factors of 112472.
2, 17, 827
What are the prime factors of 13707762?
2, 3, 1427, 1601
List the prime factors of 17772423.
3, 5924141
What are the prime factors of 649766?
2, 13, 67, 373
List the prime factors of 2734285.
5, 467, 1171
What are the prime factors of 43683?
3, 14561
What are the prime factors of 837243?
3, 11, 2819
List the prime factors of 781330.
2, 5, 11, 7103
What are the prime factors of 7339858?
2, 73, 50273
What are the prime factors of 312029?
312029
List the prime factors of 7065368.
2, 59, 14969
List the prime factors of 1268020.
2, 5, 13, 4877
List the prime factors of 20442747.
3, 13, 61, 661
What are the prime factors of 15997812?
2, 3, 1333151
List the prime factors of 36542681.
7, 19, 39251
List the prime factors of 11468604.
2, 3, 7, 136531
List the prime factors of 1165650.
2, 3, 5, 19, 409
What are the prime factors of 28150776?
2, 3, 17, 109, 211
List the prime factors of 21418425.
3, 5, 7, 1511
What are the prime factors of 2331133?
7, 333019
What are the prime factors of 421940?
2, 5, 17, 73
List the prime factors of 925687.
7, 132241
What are the prime factors of 150770?
2, 5, 15077
What are the prime factors of 564538?
2, 13, 21713
What are the prime factors of 106686?
2, 3, 5927
List the prime factors of 265168.
2, 16573
What are the prime factors of 1858788?
2, 3, 5737
List the prime factors of 727943.
139, 5237
List the prime factors of 3271552.
2, 61, 419
What are the prime factors of 383715?
3, 5, 8527
List the prime factors of 330177.
3, 110059
List the prime factors of 1001943.
3, 43, 863
What are the prime factors of 8690412?
2, 3, 23, 37
List the prime factors of 403756.
2, 193, 523
List the prime factors of 111861.
3, 1381
List the prime factors of 628588.
2, 167, 941
What are the prime factors of 12925442?
2, 233, 27737
What are the prime factors of 10968911?
10968911
List the prime factors of 9477998.
2, 19, 249421
List the prime factors of 1598896.
2, 13, 7687
What are the prime factors of 5658854?
2, 37, 76471
List the prime factors 